, -10 = 2*n - m + 5*m. Suppose 32 = 4*w + w - n*h, 5 = 5*h. What is the units digit of w?
7
Suppose 0 = -3*i + a + 259, 4*i - 3*a + 20 = 367. Let x = -58 + i. What is the tens digit of x?
2
Suppose -5*h = -2*d - 6 - 7, 2*h + 2*d + 6 = 0. What is the units digit of -1 - (-2 + h + -1)?
1
Suppose 17*q - 12*q - 1010 = 0. What is the hundreds digit of q?
2
Let r be 1 - 10 - (-4)/2. What is the units digit of (-2)/r - (-12)/7?
2
Let v(a) = -a**3 + 4*a**2 + a - 2. Suppose -3*f + 6*f = 9. What is the units digit of v(f)?
0
Let i be (-8)/(-20)*-1*5. What is the units digit of -3 - (45 - -3)/i?
1
Let k = 50 + -22. Suppose -2*x = 2*x - k. Let b = 16 - x. What is the units digit of b?
9
Let t(x) = 3*x**2 - x - 1. Let m be t(-1). Let a be (m/(-2))/((-12)/(-16)). What is the units digit of (3 + a)/(-1 - -2)?
1
Let v(g) = 10*g - 33. What is the units digit of v(22)?
7
Let k(g) = -g**3 - 3*g**2 + 2*g + 2. Let s be k(-4). Suppose 3*m = s + 35. What is the units digit of (12/m)/(3/30)?
8
Let f(h) = -3 + 5 + 2*h - h + 5*h. What is the tens digit of f(4)?
2
Suppose -21 = -4*a - 1. Let g(j) = -32 + 6*j - j**2 - j + 34. What is the units digit of g(a)?
2
Suppose 5*w + 2*c - 30 = -0*c, -w - 4*c - 12 = 0. Let x be 140/16 + 2/w. Let t(h) = h - 8. What is the units digit of t(x)?
1
Let f(l) = l**3 + 6*l**2 + 3. Let d be f(-6). Let v(r) = r**2 - r - 5. Let j be v(5). Suppose 0*u + j = d*u. What is the units digit of u?
5
Let d(j) = -2*j + 23. Let p = -1 + 1. What is the tens digit of d(p)?
2
Suppose -3*m - 2*a - a = -588, -5*a = -3*m + 628. What is the hundreds digit of m?
2
Let o(c) be the second derivative of -c**5/20 - c**4/2 - c**3/3 - 4*c**2 - 2*c. Let b be o(-6). Suppose -b*v = -2 - 26. What is the units digit of v?
7
Let v = -4 - 0. What is the units digit of (2/2)/(v/(-136))?
4
Suppose 2*g - 2 = -10, 265 = 3*m - 4*g. What is the tens digit of m?
8
Let c = 155 + -101. What is the units digit of c?
4
Let o be 0*(3 + (-5)/2). Suppose -h + o*h + 1 = 0. What is the units digit of h?
1
Suppose 118 = 4*u - 162. Suppose 0 = -5*l - 0*l - u. What is the tens digit of 0 + l*(1 + -2)?
1
Let m be -36*((-84)/9)/4. Let q = m + -46. What is the units digit of (-1)/(-5) + q/10?
4
Let a = -18 + 30. Let y = 28 - a. What is the tens digit of y?
1
Let s be 16/(-10)*(-140)/8. Suppose 35 = 4*f + t, 0*f = 2*f + 4*t - s. What is the units digit of f?
8
What is the tens digit of ((-30)/16*-2)/((-21)/(-1008))?
8
Let o(a) = -a + 1. Let h(w) = -w + 2. Let f(s) = -h(s) + 3*o(s). What is the units digit of f(-1)?
3
Suppose -5 + 13 = 4*r. What is the units digit of r?
2
Suppose -32*j + 592 = -28*j. What is the units digit of j?
8
Suppose -4*a = -5*r + 27, 3*a - 5 = 2*r - 20. Suppose -2*t = -r*f + 44, -4*f + t + 68 = -4*t. What is the units digit of f?
2
Suppose -t - 2*z = -2, 3*t - 7*t + z + 8 = 0. Suppose t*c + 0*c = 0. Suppose c*x - x + 3 = 0. What is the units digit of x?
3
Let x = 42 - 7. Let y = x - 20. What is the tens digit of y?
1
Let z = 11 - 19. Let u(m) = m**2 + 10*m + 20. What is the units digit of u(z)?
4
Let i(k) = k**3 + 10*k**2 + 9*k + 5. Let y be i(-9). Suppose -s + y = 4. What is the units digit of (10/1)/(s + 0)?
0
Suppose 5*d - 4*k - 202 - 181 = 0, 0 = d + k - 82. What is the units digit of d?
9
What is the tens digit of 3/((-1)/28*-4)?
2
Suppose 3*d - 14 = -2. Suppose -a = d*a - 10. What is the units digit of a?
2
Let p(j) = 2*j + 4. Let w be p(4). What is the tens digit of (-2 - -1)*(-2 - w)?
1
Let q = -5 + 32. What is the tens digit of q?
2
Let f be ((-8)/(-6))/((-2)/(-6)). Suppose d - 12 = -f. What is the units digit of d?
8
Let o(u) = -u**2 - 9*u. Let h = 3 + -12. Let a be o(h). Let z(t) = -t**3 + 8. What is the units digit of z(a)?
8
Suppose -p + 60 = r + 4, 223 = 4*r + 5*p. What is the units digit of r?
7
Let k be -1 + 5 - (3 + -1). Let i(a) = a**2 - a + 1. Let g(b) = -5*b**2 + 5*b - 6. Let c(p) = 2*g(p) + 11*i(p). What is the units digit of c(k)?
1
Suppose 5*w + 0*b = -b + 168, 0 = -w + 4*b + 42. What is the tens digit of w?
3
Let r(z) = z**2 - z - 5. What is the tens digit of r(6)?
2
Suppose -5*u + 21 = 3*h, 4*u = -u + 2*h + 11. Suppose -2 = d, -4*q + 30 = -u*d - 32. What is the units digit of q?
4
Suppose -1 - 6 = -m. What is the units digit of m?
7
Let r be (4/3)/(-2)*-3. Let m(f) = -6*f - 1. Let v be m(-1). Suppose -5*l = r*z - 35, 0*z + 5*l - 80 = -v*z. What is the tens digit of z?
1
Let r = -511 - -790. What is the units digit of r?
9
Let s be 8/(-28) + (-410)/(-14). Suppose 2*o - p - 2*p = 23, -2*p + s = 5*o. What is the units digit of o?
7
Suppose -45 = -4*r + r. What is the units digit of r?
5
Suppose -2*i - 2*i = -276. What is the units digit of i?
9
Let i be 1 + -2 + (-15 - -4). Suppose w + 5*n = 1, 4 = 4*w - 4*n + 3*n. What is the units digit of w/(-4) + (-75)/i?
6
Suppose 3*q + 3*c - 58 = -7, -4*c + 28 = 2*q. What is the tens digit of q?
2
Let p = 8 + -5. Let o(q) = q**3 + q - 1. Let f be o(p). Suppose -3*x - 5*w = -4*w - 43, -x - 4*w + f = 0. What is the units digit of x?
3
Let i be (-2 - 0)/((-2)/2). Let h = 1 - i. What is the units digit of h/(-2) + 36/8?
5
Let j be (-1)/3 - 39/(-9). Suppose -3*z + 3 = 0, 67 - 23 = j*x - 4*z. Suppose 0 = 3*f + 3 - x. What is the units digit of f?
3
Let k(c) = c**2 + 9*c + 10. Let o be ((-3)/(-6))/(2/88). Let b = -32 + o. What is the tens digit of k(b)?
2
Suppose -6*q - 161 = -1439. What is the hundreds digit of q?
2
Let z = 16 - 15. What is the units digit of z?
1
Let w be ((-3)/6)/((-1)/(-10)). Let i be w*((-6)/(-15))/(-1). What is the units digit of i/(0 + 3 + -2)?
2
Suppose -6*d - 255 = -11*d. What is the units digit of d?
1
Suppose -4*r = -8*r + 252. What is the units digit of r?
3
Let u be (-6 - (-6)/3)*1. What is the units digit of u/14 + 120/28?
4
Let x(q) = -q**3 - 8*q**2 - 8*q - 9. Let w be x(-7). What is the units digit of w - -7 - (3 + 0)?
2
Suppose u - 8*d + 3*d - 19 = 0, -d = -5*u - 1. What is the tens digit of -24*u*(-1)/(-1)?
2
Let g(u) = u**3 - 4*u**2 + 3*u - 1. Let q be g(3). Let v = -5 + -2. Let l = q - v. What is the units digit of l?
6
Let f = -6 - -34. What is the units digit of f?
8
Let l = -28 - -10. What is the units digit of 1 + (-4)/2 - l?
7
Let c = -77 + 150. What is the units digit of c?
3
Suppose -340 = -2*k - 2*k. Suppose -4*l = l - k. Let g = 29 - l. What is the tens digit of g?
1
Suppose 5*h - 19 = 2*y, -4*h - 2*y = -2*h - 16. Suppose -3*t - t + 56 = 4*q, 2*t - 14 = h*q. What is the tens digit of t?
1
Let k(x) = -x**2 + 6*x + 10. Let p be k(7). Suppose 0 = -3*m - 4*s + 1, -p*m + 46 = -5*s. Suppose 0 = -2*t + m + 9. What is the units digit of t?
8
Suppose -u = -4*j - 58, -u - u - 2*j = -66. What is the tens digit of u?
3
Suppose -a - 40 = -2*f - 94, 0 = 4*f + 8. Suppose -w = -6*w + a. What is the units digit of w?
0
Let s(g) = -g**3 + 10*g**2 - 2. What is the tens digit of s(5)?
2
Let n(l) = -l + 6. Let c be n(6). Suppose -3*j - 25 = 2*j, -8 = 2*k + 4*j. Suppose f + 2*f - k = c. What is the units digit of f?
2
What is the hundreds digit of ((-172)/(-215))/((3/(-170))/(-3))?
1
Suppose 0 = -v + 6*v - 4*x - 1181, 0 = 5*x - 5. What is the hundreds digit of v?
2
Suppose 0*t - t = -3*b + 8, t = -3*b + 4. Suppose 5*m = f - 3*f + 176, b = -f. What is the tens digit of m?
3
Suppose 0 = -3*i - 3*g + 2*g + 44, 0 = -5*i + 3*g + 64. What is the units digit of i?
4
Let f = -10 + 7. Suppose -2*k + 22 = -2*y - 0*k, -5*k = -3*y - 37. Let a = f - y. What is the units digit of a?
6
Let b(q) = q**3 + 6*q**2 - 12*q - 1. Suppose 0 = -6*z + 5*z - 8. Let f be b(z). What is the units digit of 2/(27/f - -1)?
1
Suppose -2*y + 5*y - 15 = 0. Suppose -y = -3*n + 19. What is the units digit of n?
8
What is the tens digit of 45/10*(-368)/(-12)?
3
Let q(w) = 3*w - w + 5 - 4. Let n be q(-4). Let r = n + 12. What is the units digit of r?
5
Let k = 22 - 12. What is the units digit of k?
0
Let l be ((-2 - -3) + 2)*1. Suppose 0 = -4*v - l + 11. What is the units digit of v?
2
Let y(r) = -r**3 + 7*r**2 - 6*r + 1. What is the units digit of y(6)?
1
Let z(o) = -6*o. Suppose -l - l - 2 = 0. What is the units digit of z(l)?
6
Suppose 5*c + 27 = 2*d, -2*c = 3*c + 3*d + 22. What is the units digit of (-396)/(-30) + 1/c?
3
Let w(k) be the second derivative of -k**5/20 - k**4/6 - k**3/2 + 3*k**2/2 + 5*k. What is the tens digit 